+ (1 - (-4 + (6 - -4))).
-7
What is 5 + -1 - (-14 + 23)?
-5
What is the value of 3 - -6 - 2 - (0 - 1)?
8
What is 17 - 15 - (-1 + (1 - 0))?
2
0 - 3 - (5 + (-3 - 1))
-4
What is 12 + -21 - (0 - -3 - 9)?
-3
What is -8 + (-10 + 2 - -12)?
-4
What is 0 - 0 - (-3 - (8 - 9))?
2
What is (1 - -1) + -3 - (51 - 50)?
-2
Evaluate -3 + (8 - 6) + -2 + -1.
-4
What is 2 + 1 - (-3 - (-11 - -9))?
4
What is the value of 1 + 1 + -1 - 3 - 0?
-2
What is 5 + (-8 - 3) - -16?
10
What is (5 - (7 + -4) - 2) + 4?
4
-3 + (-7 - (-5 + -8))
3
Calculate -5 + (6 - 4 - (-3 - -4)).
-4
Evaluate -4 + 20 + -9 - 6.
1
Evaluate 3 - 5 - (2 + -2).
-2
What is -2 + (4 + -5 - (-3 + 4))?
-4
Calculate 0 + -9 + 20 + -5.
6
What is the value of 8 + -11 + -3 + 1?
-5
Evaluate 5 + (-7 - -6) - 11.
-7
What is the value of 0 - 2 - (-17 - -14) - 2?
-1
What is the value of (-3 - 0) + (36 - 14) + -20?
-1
What is -3 + (-8 - -3) + 14?
6
Calculate 0 - (-9 + 3 - -3 - 4).
7
What is -2 + 5 + (2 - -4) + -10?
-1
Calculate 0 + -11 + 5 + 3.
-3
Evaluate 9 + (8 - 17) - (-1 - 2).
3
-4 + (9 - 3) + 2
4
What is 1 + -1 + -2 + -2 + -1?
-5
Calculate -6 - (-3 + (-4 - 3 - -5)).
-1
What is 15 + -18 + (2 - -5)?
4
What is -6 + 23 + -18 + -1 + 3?
1
((0 - 0) + -6 - -6) + 2
2
Evaluate 8 + 7 + -12 + -4.
-1
Calculate -3 + (-3 - -4) + 2 + -3.
-3
What is the value of (-4 - 0) + 2 + (6 - 5)?
-1
What is 7 - (8 + 1) - (-1 + -3)?
2
-4 - (5 + -7 - 2)
0
3 - 6 - (3 + -11 + 1)
4
Calculate -12 - (-21 - (-6 - 2)).
1
What is 14 + -17 - (6 + -1 + 2)?
-10
(75 - 72) + -5 + -2
-4
Calculate 4 + -6 - (-1 - -4).
-5
What is -4 + -3 + (2 - -1) - 1?
-5
What is the value of 1 + -2 + 0 + -14 + 10?
-5
What is the value of 0 - -1 - (-2 - -2)?
1
What is the value of (-8 - -3 - -8) + -1 + -4?
-2
Evaluate 5 - 0 - ((-6 - -1) + 15).
-5
Evaluate -2 - (-2 - (0 + -2 - 3)).
-5
Evaluate (57 - 65) + (0 - (-6 - -2)).
-4
What is (0 - (-2 + 4)) + -6 - -3?
-5
What is the value of 7 - (10 + (-13 - -7))?
3
Calculate -3 - -1 - (-2 - 5).
5
(-13 + 3 - -27) + -9
8
What is -2 - (14 - 11 - (0 - -7))?
2
Evaluate -8 + 11 - (-1 + 2).
2
What is 5 + (1 - -4) + -3 + -8?
-1
Evaluate 7 + (-5 - -2) + 11 + -15.
0
What is the value of 2 + (-2 - (-6 + (-8 - -18)))?
-4
What is the value of -17 + -5 + 14 + 1?
-7
What is the value of -1 + -6 + 5 + -4?
-6
10 + -7 + (-3 - 1)
-1
-21 + (14 - 1) + 3 + 0
-5
What is the value of (1 - 12 - -1) + -300 + 307?
-3
Calculate (-3 + 0 - -2) + 1.
0
What is 11 + -1 + -1 + (-7 - -2)?
4
(1 - (-8 + 5)) + 0 + -1
3
Evaluate 0 - 12 - (-50 - -46).
-8
What is the value of 7 + -2 - 1 - (7 + -6)?
3
Calculate 1 + (3 - (1 + 3) - -1).
1
Evaluate 0 + (1 - (4 - (-4 + 5))).
-2
What is (3 - (-5 - -6)) + (5 - -3)?
10
Evaluate -5 - (-14 - -19 - (3 - 1)).
-8
What is the value of -9 + -1 + 5 + 2?
-3
Evaluate -5 + -1 - (-19 + -4 + 19).
-2
Evaluate -6 + 3 + -2 + 0.
-5
Calculate -3 + -4 - (27 + -37).
3
What is the value of 5 + (-3 - -1) - 1?
2
-1 + 3 + 1 - (0 - 2)
5
Evaluate 4 + (2 + -3 - -3 - 3).
3
What is (-2 - 6) + (0 - -1) + 2?
-5
Calculate 7 - (0 - -11) - -5.
1
Evaluate 2 - ((1 - 3) + 4 + -5).
5
Calculate 4 + (-6 - -5 - (-13 - -8)).
8
What is the value of (8 - 6) + (-9 - (-2 - 0))?
-5
Evaluate (0 + 1 - 3) + 7.
5
What is -2 + (6 + -6 - (0 + 1))?
-3
(1 - -13) + (162 - 167)
9
Evaluate -21 + 13 - (-1 - 9).
2
(-10 + 11 - 7) + 11
5
-5 - (-5 + (0 - (-2 + -2)))
-4
What is the value of 12 - 11 - (1 - -2)?
-2
-3 + 1 + 1 + 0
-1
What is -8 + (12 - (5 - 0))?
-1
-2 - (0 - (7 + 0))
5
What is (4 - (2 + 0)) + (8 - 6)?
4
Calculate -3 - (4 - -5) - -9.
-3
What is 12 + -2 + -9 - (0 + 7)?
-6
What is 2 + 3 + 3 + -10?
-2
What is (-16 - -21) + -14 + (-4 - -2)?
-11
What is 4 - (5 + 2 + -1)?
-2
Calculate -4 - 0 - (3 + -11 + -1).
5
What is (-9 + 14 - 1) + -7?
-3
5 - (-6 - (2 - 17 - -8))
4
What is 28 - 21 - (6 + -1) - -2?
4
22 + -28 + -3 + 18 + -1
8
-3 + 0 + (-2 - -9)
4
Evaluate (3 - ((5 - 4) + 2)) + 1.
1
What is the value of (-5 - -3) + 1 + -1?
-2
What is the value of (-6 - (0 + -1 + -3)) + 3?
1
What is the value of 3 - (8 - ((-1 - -5) + -9))?
-10
-10 + 14 + -4 - -3
3
What is the value of -2 + -4 + 2 - (22 - 29)?
3
Calculate 0 - ((-2 - -11) + -2 - 7).
0
Calculate 8 + 1 + -4 + -1.
4
What is the value of 1 + (2 - 0) + -3 + 5?
5
What is the value of (-19 - -19) + -1 + 4?
3
What is the value of 5 - 6 - (1 + 0)?
-2
8 - (2 + 2) - 8 - -2
-2
Evaluate -3 + -1 - (-11 - -9).
-2
What is 5 - ((-7 - 1) + 11)?
2
What is the value of -3 - (-2 + (0 - (-2 - 1)))?
-4
-1 - ((-9 - -3) + 4)
1
-2 + -2 + 3 - (13 + -19)
5
What is -10 + -1 + 2 - -4?
-5
(-2 - -1) + 1 - 4
-4
What is 2 - 9 - (-22 - -20)?
-5
What is -5 - (1 - (8 + (-2 - 2)))?
-2
What is 6 - 2 - (10 - (-4 - -3))?
-7
Calculate (-5 - -6) + (1 - -3).
5
Calculate -6 + -3 - (-1 - 5).
-3
Evaluate 6 + -2 + 3 + -4.
3
Evaluate (5 - 2) + (9 - 8).
4
Calculate -6 - (-24 + 14) - (1 - -1).
2
What is -6 + 8 + (-9 - -6) + 6?
5
1 - (0 - (-4 - -4))
1
Calculate -8 + (-2 - -5) + -1.
-6
What is the value of 4 + -3 - ((-7 - -10) + -6)?
4
What is the value of 7 - (-3 + 8 - (1 + 1))?
4
Calculate -4 - (-7 + 6 - (7 + -2)).
2
Evaluate -1 - ((-1 - 0) + 12 + -13).
1
What is the value of 0 + -9 + -1 - -3?
-7
What is -7 - (5 - 10) - -3?
1
2 + 5 + -2 + 0
5
Calculate 1 + 4 + -2 - (5 + -6).
4
(2 - -4) + (1 - 4) - 1
2
What is the value of 5 - (1 + 3) - (5 + -10)?
6
What is 3 + (-3 - -7) + -4?
3
What is 3 + 1 - 3 - -3?
4
What is the value of -1 + (-1 - (2 - 1) - -6)?
3
What is the value of (-12 - (4 + -11)) + (5 - 1)?
-1
14 + (-7 - (-9 + 10))
6
What is 3 + -9 - (-3 - (-3 + 1))?
-5
8 + -3 + (-2 - 1)
2
What is the value of 3 - (3 - -2 - -2)?
-4
Calculate -25 + 26 + (1 - 0).
2
What is -5 + (6 + -3 - 3)?
-5
Evaluate -5 + (6 - -8 - 20).
-11
Calculate -8 + 2 + -1 + 0 - -3.
-4
What is the value of 4 - (-9 + 15 + (0 - 4))?
2
Evaluate (1 - (0 + -10 - -2)) + -4.
5
What is the value of 4 + (1 - (6 - 0) - -1)?
0
What is 0 - (-7 - -1) - 7?
-1
Calculate 15 + (-9 - -5) + -1.
10
-11 - (-9 - (9 + 2))
9
What is 4 + -1 + (-4 - -9)?
8
What is (-7 + 5 - -3) + -8 + 5?
-2
What is the value of 4 + (-2 - (3 + -2)) + -2?
-1
Calculate 2 - 12 - -9 - 4.
-5
3 - (6 - (5 + 0) - -3)
-1
Evaluate (2 - -1 - (-3 - -1)) + -1.
4
-4 - (-5 + 7 - 3)
-3
What is the value of 1 + -3 + (4 - -3)?
5
Calculate 7 + (4 - 22 - (-4 + -3)).
-4
What is 5 + (-3 - 1) + 3?
4
-9 + 3 - (1 - 9)
2
Evaluate 2 + 0 - (-5 + 7).
0
What is the value of -2 - (1 + 12 + -5) - -5?
-5
Evaluate (2 + (6 - 8) - -1) + -7.
-6
Calculate -31 + 39 + (-1 - 5).
2
33 + -35 + (-2 - (-1 + 2))
-5
What is -7 - (-1 - ((-2 - -1) + 4))?
-3
Calculate -4 + -2 + -2 + 3 + 2.
-3
Evaluate -2 + (1 + 0 - (-10 - -13)).
-4
-5 - (21 - 21 - (4 + 0))
-1
Calculate (5 - (5 + -4)) + -1.
3
What is the value of -8 - (6 - (7 + -1 + 2))?
-6
(8 - (-9 - -9)) + -4
4
Evaluate 3 - (-1 - 2 - (-27 - -23)).
2
1 + -2 + 5 + -2
2
9 + 13 + -8 + -7
7
Evaluate 2 - -1 - (11 + -5).
-3
Calculate 0 - ((-4 - -2) + 8 + -4).
-2
What is 0 + -4 + 2 + 6?
4
Evaluate (5 - 1) + (6 - 3 - 5).
2
What is 1 + ((5 - -8) + -8 - 8)?
-2
Evaluate (-2 - (-1 - 1)) + -7 + 9.
2
What is the value of 2 - (-1 + 2) - (22 - 21)?
0
Calculate (-7 - (-8 - -1)) + -3.
-3
5 + -6 + -4 + 11 - 3
3
6 - (11 - 3 - 0)
-2
4 + -4 - (5 + -1)
-4
Calculate -7 + (-7 - -2) + 14.
2
(-19 - -12) + (5 + -7 - -16)
7
What is 1 + -2 + 10 + 9 + -13?
5
What is -46 + 45 - (1 - 6) - 5?
-1
What is (9 + -11 - -12) + -7?
3
Calculate 11 - (13 + (-5 - -7)).
-4
10 - 3 - (8 + 5 + -9)
3
Calculate -10 - -19 - 8 - (-3 + 8).
-4
Evaluate -4 - -10 - (-6 + 10).
2
Calculate -5 - 2 - (-3 + -1) - -5.
2
Evaluate -3 + 7 + -4 + -4.
-4
0 - (-6 + -3) - (-1 + 5)
5
Evaluate -1 - -4 - (-3 - -9).
-3
Calculate -12 - (-6 + 1 + -8).
1
What is 2 + 3 + -5 + 5 - 5?
0
6 - -1 - (44 - 44)
7
Evaluate -1 + 0 + -1 + 7.
5
Evaluate 2 - ((-1 - 3 - -1) + 3).
2
Calculate (1 - (-4 + 7)) + 4 + -4.
-2
What is 2 + -2 + (-4 - (1 + -6))?
1
What is -5 + 5 + -2 + 4 + -5?
-3
What is (6 - 13) + 2 - -3?
-2
-7 + 14 + -11 + 4
0
What is the value of -3 + (4 - (-3 - -7)) + 2?
-1
What is the value of (-3 - 0 - -3 - 1) + 1?
0
Evaluate 0 + -1 + 10 + -7 + 2.
4
Calculate -5 - (9 - (11 + -6)).
-9
Evaluate 3 + -2 + -1 + -4 + 3.
-1
What is the value of (29 + -23 - (2 - -4)) + -6?
-6
What is the value of (28 - 29) + (0 - (1 - -4))?
-6
Calculate (-2 - 3) + -60 + 71.
6
Calculate 3 - -3 - (3 + -1 + 2).
2
(0 - (-2 + 7)) + 2 + 9
6
What is (-4 - -7) + (0 - -2) 